0) to base 2
100
-1 (base 4) to base 6
-1
Convert 3 (base 13) to base 6.
3
10 (base 3) to base 11
3
Convert 131 (base 8) to base 5.
324
What is 22 (base 12) in base 13?
20
Convert -20 (base 16) to base 4.
-200
Convert 12 (base 10) to base 3.
110
Convert 71 (base 14) to base 10.
99
Convert 55 (base 7) to base 5.
130
What is 173 (base 9) in base 11?
124
Convert 28 (base 11) to base 15.
20
-315 (base 6) to base 15
-7e
a (base 12) to base 11
a
What is 57 (base 11) in base 10?
62
What is -5 (base 8) in base 5?
-10
Convert 1 (base 14) to base 10.
1
What is 13 (base 5) in base 4?
20
What is -110100 (base 2) in base 10?
-52
What is 3 (base 14) in base 16?
3
Convert 33 (base 12) to base 16.
27
Convert 21 (base 13) to base 9.
30
-47 (base 10) to base 3
-1202
-20 (base 6) to base 2
-1100
What is -2 (base 12) in base 5?
-2
Convert -122 (base 6) to base 3.
-1212
Convert 10 (base 6) to base 4.
12
2 (base 15) to base 10
2
Convert 1 (base 14) to base 5.
1
What is -123 (base 5) in base 10?
-38
Convert 4 (base 10) to base 11.
4
What is -228 (base 9) in base 12?
-138
-3 (base 10) to base 4
-3
-2 (base 16) to base 15
-2
Convert -4c (base 14) to base 3.
-2112
-412 (base 5) to base 2
-1101011
What is 42 (base 16) in base 7?
123
What is 20 (base 8) in base 14?
12
What is 12 (base 13) in base 9?
16
Convert 29 (base 16) to base 10.
41
What is -3 (base 6) in base 5?
-3
Convert -1 (base 10) to base 2.
-1
What is -110 (base 6) in base 9?
-46
-1202 (base 3) to base 9
-52
-3 (base 9) to base 8
-3
Convert -9 (base 16) to base 14.
-9
Convert -530 (base 6) to base 11.
-170
100 (base 4) to base 12
14
535 (base 7) to base 3
101001
-100 (base 2) to base 3
-11
What is -a (base 16) in base 2?
-1010
c7 (base 15) to base 6
511
74 (base 9) to base 16
43
122 (base 8) to base 7
145
Convert 30 (base 10) to base 8.
36
What is 7 (base 13) in base 14?
7
What is -227 (base 11) in base 15?
-131
What is -c (base 13) in base 6?
-20
What is -101 (base 2) in base 9?
-5
-8 (base 11) to base 8
-10
-1 (base 13) to base 11
-1
What is 100 (base 2) in base 8?
4
What is 18 (base 10) in base 15?
13
What is -1023 (base 4) in base 12?
-63
30 (base 16) to base 7
66
12111 (base 4) to base 9
500
Convert 13a (base 13) to base 14.
118
Convert -42 (base 5) to base 12.
-1a
Convert -3 (base 12) to base 5.
-3
0 (base 15) to base 7
0
-4 (base 11) to base 14
-4
Convert -6 (base 16) to base 8.
-6
-10001111 (base 2) to base 10
-143
Convert -1004 (base 5) to base 12.
-a9
1 (base 7) to base 11
1
-5 (base 14) to base 8
-5
What is -244 (base 6) in base 9?
-121
3 (base 6) to base 5
3
Convert -41 (base 7) to base 5.
-104
Convert -121 (base 4) to base 7.
-34
What is -3 (base 9) in base 4?
-3
Convert -1 (base 7) to base 12.
-1
39 (base 14) to base 11
47
What is 3 (base 4) in base 3?
10
What is 1 (base 5) in base 13?
1
What is 3 (base 7) in base 12?
3
4 (base 10) to base 3
11
What is -4d (base 14) in base 7?
-126
Convert 20 (base 6) to base 10.
12
What is -5 (base 12) in base 4?
-11
-4 (base 14) to base 11
-4
-3 (base 6) to base 12
-3
What is 3 (base 5) in base 16?
3
cc (base 13) to base 6
440
What is -2 (base 11) in base 2?
-10
What is 8b (base 14) in base 5?
443
What is a (base 12) in base 5?
20
-112 (base 8) to base 7
-134
3 (base 11) to base 8
3
What is -2 (base 16) in base 15?
-2
Convert -14 (base 15) to base 2.
-10011
-6 (base 13) to base 14
-6
Convert 18 (base 14) to base 4.
112
-43 (base 11) to base 5
-142
-4 (base 16) to base 5
-4
What is 1 (base 10) in base 16?
1
Convert 16 (base 9) to base 15.
10
Convert 10 (base 4) to base 5.
4
What is -4 (base 12) in base 4?
-10
7 (base 12) to base 9
7
What is -3 (base 8) in base 11?
-3
Convert -240 (base 10) to base 5.
-1430
Convert 1112 (base 4) to base 12.
72
-130 (base 9) to base 4
-1230
What is -10 (base 2) in base 4?
-2
1 (base 8) to base 13
1
What is -2 (base 5) in base 10?
-2
0 (base 13) to base 10
0
What is -10 (base 3) in base 9?
-3
-8b (base 13) to base 6
-311
-2 (base 7) to base 5
-2
What is -10 (base 5) in base 10?
-5
3 (base 16) to base 10
3
Convert -1f (base 16) to base 10.
-31
Convert 85 (base 10) to base 6.
221
What is 33 (base 5) in base 9?
20
What is -1 (base 10) in base 15?
-1
5 (base 6) to base 5
10
Convert 2 (base 16) to base 15.
2
What is -81 (base 13) in base 6?
-253
Convert -2 (base 15) to base 7.
-2
What is -88 (base 14) in base 15?
-80
-121 (base 5) to base 6
-100
What is -31 (base 9) in base 13?
-22
5 (base 16) to base 3
12
What is -112 (base 10) in base 16?
-70
Convert 203 (base 5) to base 2.
110101
-1101101 (base 2) to base 13
-85
What is 2 (base 6) in base 15?
2
0 (base 9) to base 5
0
What is 144 (base 5) in base 8?
61
Convert 12 (base 8) to base 13.
a
Convert -100000110 (base 2) to base 4.
-10012
Convert -20 (base 6) to base 12.
-10
What is -18 (base 15) in base 13?
-1a
22 (base 16) to base 14
26
26 (base 8) to base 3
211
What is 47 (base 16) in base 3?
2122
-1000010 (base 2) to base 15
-46
-13 (base 5) to base 9
-8
Convert -81 (base 15) to base 12.
-a1
134 (base 5) to base 7
62
What is -230 (base 4) in base 11?
-40
Convert -1102 (base 4) to base 13.
-64
What is 6 (base 8) in base 2?
110
-b0 (base 12) to base 16
-84
What is -3b (base 14) in base 16?
-35
What is 79 (base 14) in base 8?
153
What is 0 (base 14) in base 10?
0
Convert 1 (base 10) to base 11.
1
Convert 1131 (base 5) to base 3.
20011
What is 1 (base 5) in base 7?
1
Convert 47 (base 8) to base 7.
54
-7 (base 15) to base 12
-7
What is 1 (base 13) in base 10?
1
Convert 6 (base 15) to base 13.
6
45 (base 14) to base 11
56
Convert 0 (base 8) to base 12.
0
Convert 57 (base 8) to base 15.
32
What is -12 (base 6) in base 14?
-8
Convert -11 (base 3) to base 16.
-4
What is -6 (base 13) in base 8?
-6
Convert 26 (base 8) to base 5.
42
What is 3 (base 13) in base 4?
3
55 (base 12) to base 2
1000001
What is -23 (base 13) in base 2?
-11101
Convert -5 (base 12) to base 4.
-11
Convert 223 (base 6) to base 16.
57
What is 5 (base 10) in base 3?
12
Convert -2 (base 13) to base 5.
-2
241 (base 5) to base 13
56
-14 (base 6) to base 8
-12
What is -19 (base 14) in base 13?
-1a
Convert 341 (base 5) to base 15.
66
Convert -101 (base 7) to base 5.
-200
Convert 2 (base 16) to base 2.
10
-10 (base 7) to base 16
-7
41 (base 10) to base 8
51
What is 1001001 (base 2) in base 11?
67
What is 62 (base 7) in base 16?
2c
114 (base 8) to base 14
56
Convert -1 (base 9) to base 15.
-1
Convert -331 (base 9) to base 16.
-10f
Convert 38 (base 13) to base 12.
3b
What is 4 (base 13) in base 10?
4
-2 (base 14) to base 12
-2
Convert 4 (base 12) to base 8.
4
What is 10 (base 3) in base 6?
3
What is 12 (base 5) in base 6?
11
What is -26 (base 12) in base 13?
-24
What is 100 (base 2) in base 10?
4
Convert 201 (base 9) to base 6.
431
What is -14 (base 12) in base 14?
-12
Convert 0 (base 8) to base 3.
0
-2 (base 16) to base 11
-2
What is -33 (base 15) in base 8?
-60
45 (base 6) to base 4
131
What is 21 (base 11) in base 3?
212
Convert 1 (base 6) to base 15.
1
-38 (base 10) to base 5
-123
Convert -63 (base 14) to base 15.
-5c
35 (base 11) to base 4
212
What is -7 (base 11) in base 15?
-7
a (base 14) to base 8
12
Convert -2 (base 4) to base 15.
-2
Convert 0 (base 10) to base 16.
0
Convert 0 (base 6) to base 9.
0
Convert -21 (base 3) to base 14.
-7
What is 5 (base 11) in base 10?
5
-7 (base 14) to base 13
-7
What is 3 (base 12) in base 3?
10
What is 111 (base 4) in base 3?
210
Convert -530 (base 7) to base 14.
-150
Convert 21 (base 8) to base 5.
32
Convert 5 (base 7) to base 15.
5
What is cd (base 16) in base 14?
109
What is 5 (base 11) in base 5?
10
What is -67 (base 15) in base 13?
-76
Convert 4 (base 8) to base 14.
4
What is -5 (base 12) in base 9?
-5
Convert -30 (base 5) to base 15.
-10
-30 (base 6) to base 5
-33
Convert -13 (base 7) to base 14.
-a
72 (base 8) to base 12
4a
What is 13 (base 7) in base 10?
10
What is -2 (base 3) in base 6?
-2
What is 110 (base 2) in base 9?
6
What is -d (base 15) in base 13?
-10
Convert 1 (base 5) to base 7.
1
6b (base 16) to base 4
1223
Convert -111 (base 5) to base 4.
-133
Convert 4 (base 15) to base 6.
4
Convert a4 (base 15) to base 8.
232
Convert -4 (base 14) to base 7.
-4
What is 10 (base 7) in base 4?
13
Convert 0 (base 8) to base 6.
0
Convert 2003 (base 4) to base 6.
335
What is 10222 (base 3) i